s**2 - 4 + s**v + 29*s**2 - 16*s**2. Determine t(-3).
5
Let j be (-8303)/361 - -3*(-18)/(-3). Suppose -2*f = f. Let z(h) = f*h**3 + 5*h - 4*h**2 - h**3 + 2*h. Determine z(j).
-10
Let c(r) = -r**2 + r - r - 4*r + 5. Suppose -o - 3*o - t = 1299, -2*t = -4*o - 1290. Let g = -328 - o. What is c(g)?
5
Let q = -11730 - -11712. Let o(z) = z**2 + 13*z + 47. Give o(q).
137
Suppose 0 = 5*l - l. Let p = 150 - 142. Suppose -i + p + l = 0. Let j(z) = -z**3 + 8*z**2 - 2*z + 10. Calculate j(i).
-6
Suppose -20 = -4*k - k. Let m(h) be the second derivative of -h**5/120 + h**4/3 + 2*h**3/3 - 12*h. Let j(d) be the second derivative of m(d). Determine j(k).
4
Let n(u) be the third derivative of -u**7/2520 - 13*u**6/720 - 13*u**5/120 + 39*u**4/8 + 162*u**2. Let k(h) be the second derivative of n(h). Determine k(-9).
23
Let j(h) = -8*h**3 - 38*h**2 + 463*h - 69. Let c(k) = 2*k**3 + 10*k**2 - 120*k + 18. Let x(y) = -23*c(y) - 6*j(y). What is x(0)?
0
Let y(k) = -k**3 + 7*k**2. Let a(l) = 7*l**3 - 36*l**2 + 4*l + 6. Let f(z) = a(z) + 6*y(z). Calculate f(-4).
22
Let i(u) be the first derivative of -3*u**4/4 + 3*u**2 + 1135. Determine i(-2).
12
Let b(c) = -13*c + 5. Let j(i) be the second derivative of 14*i**3/3 - 11*i**2/2 - i + 66. Let t(h) = -13*b(h) - 6*j(h). Calculate t(6).
7
Suppose -19*y = 13687 - 13440. Let r(v) = 3*v**2 + 47*v - 54. Let q(h) = h**2 + 16*h - 18. Let p(o) = 11*q(o) - 4*r(o). Calculate p(y).
5
Let m(q) = q**2 + 11*q + 21. Let t(y) = -12*y - 10. Let b be t(-1). Let n be (120/20)/(b/(-3)). Determine m(n).
3
Let a(p) = -26*p + 323. Let i(x) = 7*x - 87. Let h(o) = 3*a(o) + 11*i(o). Calculate h(0).
12
Suppose 5*j - n + 14 = 0, -5*j - n - 1 = 5. Let k be (-50)/(3 + 2)*j. Let g(i) = 20*i**2 + k*i**2 - 61*i**2 + 25*i**2 - i - 2. Give g(-2).
16
Let k(s) be the third derivative of s**6/120 + s**5/20 - s**4/2 + 2*s**3/3 - 934*s**2 - 1. Give k(-5).
14
Let s(b) be the third derivative of 15 - 2*b**2 - 1/24*b**4 + 0*b + 4/3*b**3. Determine s(4).
4
Let v(n) be the first derivative of -n**3 + 20. Suppose 2*s = 2*f + 3*s - 2, -s = 0. Calculate v(f).
-3
Let t be -6*4/32 + 9/12. Suppose t = -4*c + p - 50, 0*c = -3*c + p - 38. Let r(y) = -y**2 - 11*y + 17. Calculate r(c).
5
Let x(h) be the second derivative of 1/12*h**4 + 1/2*h**2 + 0 + 17*h + 4/3*h**3. Calculate x(-7).
-6
Suppose f = 0, t - 3*f - 2 = -0*t. Let h be t/(-25) - 26/(-325). Let u(p) = p + 22. Give u(h).
22
Suppose 19*o = -21 + 78. Suppose o*b + 16 = 11*b. Let d(i) = i**3 - 2*i**2 + 2*i - 2. Give d(b).
2
Let t(h) = 5*h + 5. Let b(l) = -l - 1. Let n be (6/4)/((3 + 6)/(-18)). Let c(q) = n*b(q) - t(q). Give c(4).
-10
Let o(z) = -2*z - 11. Let l(m) = m + 2. Let y(g) = -g**2 + 6*g + 5. Let d be y(6). Let r(x) = d*l(x) + o(x). What is r(-5)?
-16
Let h(x) = -4*x - 6. Let a be 12/(-14)*(-42)/10 - (-26)/65. Give h(a).
-22
Suppose -3*c - 4*b = -38, 0 + 4 = 2*b. Let d(s) = 225*s - 75507*s**2 + 75508*s**2 - 236*s - 11. Determine d(c).
-21
Let y(n) = -7*n**2 + 5*n + 2. Let t be -15*(11 - 280/25). Determine y(t).
-46
Let b(g) = g**2 + 18*g + 9. Let h = -7574 + 7557. Calculate b(h).
-8
Let o(k) = -k**2 + 101*k - 1906. Let i be o(76). Let p(z) = z**3 + 6*z**2 + 4*z + 17. Calculate p(i).
-7
Let r(g) = g - 43 + 42 + 0*g. Let b = -39 - -42. Suppose 5*o + b = 23. What is r(o)?
3
Let l(s) = -24*s. Suppose 10*h + 831 = 5*h - 2*m, 2*h = 3*m - 340. Let g = h + 168. Calculate l(g).
-24
Let k(l) = -l**2 + 2*l. Let s(i) = 3*i**2 - 6*i - 2. Let n(z) = 4*k(z) + s(z). What is n(-6)?
-50
Let m be 0/((-11)/(88/(-8))). Let x(u) = u**2 + u - 120. Determine x(m).
-120
Suppose 0 = -n + 4*d - 54, 3*n - 2*d = 4*n + 30. Let b = 41 + -75. Let k = b - n. Let s(j) = -j**2 + 7*j - 5. Determine s(k).
7
Let a(m) = -28*m + 102. Let s(c) = 57*c - 204. Let l(r) = 13*a(r) + 6*s(r). Determine l(5).
-8
Let u be 104/(-28) + 4 + 585/35. Let z(j) = 14*j + 2 - 40*j + u*j + 5*j**2 + 6*j - j**3. Determine z(3).
11
Let a(b) = 99*b**2 - 791*b - 13. Let q be a(8). Let y(o) = -o**2 - 117*o - 560. Calculate y(q).
0
Let o(g) = 2*g. Let b(f) be the third derivative of f**4/2 + f**3/3 - 31*f**2. Let v(a) = b(a) - 8*o(a). What is v(-2)?
10
Let l(j) = 1. Let f(m) = -m**3 + 8*m**2 + 2*m + 2. Let c(y) = -f(y) - 3*l(y). Suppose -2*k - 3*v = -52, 54*v - 464 = 2*k + 168. Calculate c(k).
-21
Let p(s) = 7*s**3 - 7*s**2 + 14. Let r = 235 - 236. Let i(g) = -g**3 + 2*g**2 - g - 1. Let q(b) = r*p(b) - 6*i(b). Determine q(-6).
-8
Let s = 8146 + -8144. Let i(z) = 4*z**2 - z + 1. Give i(s).
15
Suppose 3*l + 51 - 45 = 0, -2*l - 1 = a. Let z(s) = 6*s + 1. Give z(a).
19
Let n(y) = 525*y + 530*y + 524*y - 2102*y + 524*y + 38. What is n(0)?
38
Suppose -2*w = -1 - 35. Suppose 3*u - w = 2*i + i, 4*i + u = -9. Let l(f) = 2 - f**2 - 55734*f**3 + 4*f + 55733*f**3 + f**2. Determine l(i).
17
Let q(c) = -c**2 - 5*c - 3. Let l be 2/(-8)*(-32 - -28). Let h be (12/(-10))/(l/(-5)*-1). Give q(h).
-9
Let u(v) = -6*v**2 - 81*v - 239. Let t be u(-9). Let a(n) = -25*n + 90. Determine a(t).
-10
Let h(i) = -7 + i**2 + 5*i + 1 + 4*i**2 - i**3. Let j be (-58)/493 - 87/(-17). Calculate h(j).
19
Let r(y) = -5*y**2 - y - 2. Suppose 5*p = 2375 - 2355. Give r(p).
-86
Let b(k) = -8 - 43*k**2 - 393*k**3 + 19*k**2 + 18*k + 392*k**3 + 6*k**2. What is b(-19)?
11
Let o(k) = 2*k - 9. Let f be o(7). Suppose 9*s + 0 - 63 = 0. Let d(v) = 0*v + 4*v**2 - 10*v**2 - 2 + s*v**2 - 5*v. Calculate d(f).
-2
Let z(j) be the third derivative of -j**7/5040 - 7*j**6/360 + j**5/60 - 7*j**3/6 + 8*j**2 - 7. Let c(k) be the third derivative of z(k). Calculate c(-10).
-4
Let b(o) = 39*o - 9 + 213*o**2 - 204*o**2 - 40*o - o**3. Suppose -5 = -5*a, u + 0*u - 14 = -5*a. What is b(u)?
-18
Let h(k) = 633 + 2*k + k - 668 + 5*k + 5*k. Calculate h(3).
4
Let y(v) = v**2 - 2*v + 2. Let c(h) = -h - 1. Let a(q) = 2*c(q) + y(q). Let i be 168/1*23/46. Let t be ((-72)/i)/((-10)/35). Calculate a(t).
-3
Let x(y) be the second derivative of -y**5/20 + y**4/4 + 4*y**3/3 - 3*y**2 + 6*y. Suppose -70*h + 91 = -259. What is x(h)?
-16
Let z(p) = -p**2 + 15*p + 5. Let c be z(8). Let d = -41 + c. Let f = d + -22. Let l(m) = -3*m - 2. Determine l(f).
4
Suppose 40 = 4*l + 4*l. Let d be ((-4)/l)/(3/15*-2). Let q(p) = -5*p**2 - 2*p - 1. What is q(d)?
-25
Let k(o) be the third derivative of -o**4/12 + 5*o**3 - 206*o**2. Calculate k(14).
2
Let x = 556 + -554. Let w(g) = -10*g**2 + 5*g**2 + 6*g**x + g**3 - 3 + 3*g**2 - 6*g. What is w(-4)?
21
Suppose 11 = -2*a + 59. Let q(z) = -1 - 67*z + a*z + z**2 + 36*z. Calculate q(6).
-7
Let a(i) be the second derivative of -1/24*i**4 + 7/2*i**2 - 1/3*i**3 + 0 - 10*i. Let k(g) be the first derivative of a(g). Give k(-6).
4
Suppose 18 + 36 = 15*z + 9. Let n(g) = -g**3 + 6*g**2 - 2*g - 5. Give n(z).
16
Let g(j) = 2*j + 14. Let q(u) = 2*u + 13. Let f(h) = -4*g(h) + 5*q(h). Suppose -1169*d - 3641 = 3373. Determine f(d).
-3
Let t(m) be the second derivative of -m**4/12 - 7*m**3/6 + 71*m**2 + 5*m - 8. Let x be t(9). Let q(y) = -28*y + 1. What is q(x)?
57
Let p(k) = k**2 + 1 + 4*k - 2 + 3 + k. Let a be (-25)/(2 - 63/(-14)) + (-4)/26. Determine p(a).
-2
Let b(x) = 3*x**2 + 7*x + 2. Let h(y) = -10*y**2 - 21*y - 5. Let l(j) = -7*b(j) - 2*h(j). Suppose 0 = -6*z - 24 + 6. What is l(z)?
8
Let a be 7/(126/(-30))*18/(-5). Let x be (-24)/16 - (-9)/a. Let h(b) = -b - 7. Give h(x).
-7
Let b(o) be the first derivative of -13*o**2/2 - 99*o - 2981. Determine b(-8).
5
Let o(c) = 8*c**2 - 77*c - 35. Let r(a) = 5*a**2 - 42*a - 19. Let y(n) = -6*o(n) + 11*r(n). Calculate y(2).
29
Let j be (-42)/(-28) - (-6)/4. Let d(f) = 313 - 290 + j*f + 0*f. Calculate d(-10).
-7
Let a(m) = m + 5. Let v = -142 - -132. Let t be -3 + 3 + v + 7. Determine a(t).
2
Let c(p) = p**2 + 23*p + 91. Suppose -4*h = -2*d - 4, -14 = -d + 24*h - 20*h. Calculate c(d).
1
Let d(n) = -46*n - 424. Let v(r) = 1. Let f(l) = d(l) + 5*v(l). Give f(-9).
-5
Suppose 72*c - 96 = 64*c. Let y(k) = c - 34 - k**2 + 2*k + 31. Calculate y(5).
-6
Let b be (0 + -4)*-9*5/(-60). Let q(h) = -22*h**2 + 24*h**2 - h**2 - 8. Determine q(b).
1
Let x = 485 + -409. Suppose 15*o + 4*o - x = 0. Let a(i) = -i**3 + 3*i**2 + 6*i - 6. Determine a(o).
2
Let q(i) = -4*i + 9. Let j = -6423 - -6415. Calculate q(j).
41
Let g(f) = -f - 4. Let s(l) = 1 + l - 1 + 2. Suppose 2*b = -2*y - 3 + 5, -4*y - 36 = -4*b. Let j(x) = b*s(x) + 3